{"id":2592,"date":"2017-01-06T22:40:28","date_gmt":"2017-01-06T21:40:28","guid":{"rendered":"http:\/\/thekfiles.pl\/?page_id=2592"},"modified":"2017-01-06T22:40:28","modified_gmt":"2017-01-06T21:40:28","slug":"serie","status":"publish","type":"page","link":"http:\/\/thekfiles.pl\/?page_id=2592","title":{"rendered":"Serie ksi\u0105\u017ckowe"},"content":{"rendered":"<p>Zasada jest taka &#8211; ksi\u0105\u017cki przeczytane to ksi\u0105\u017cki opisane \ud83d\ude09<\/p>\n<p><strong>Patrick O&#8217;Brian &#8222;Aubrey\/Maturin&#8221;<\/strong><\/p>\n<p>Seria marynistyczna, na kt\u00f3r\u0105 zwr\u00f3ci\u0142am uwag\u0119 z powodu filmu z Russellem Crowe z 2003 roku (&#8222;Pan i w\u0142adca: na kra\u0144cu \u015bwiata&#8221;). Wtedy w Polsce udost\u0119pniono bodaj\u017ce 4 tomy (motywy z przynajmniej 3 znalaz\u0142am w filmie), z czasem wydawano kolejne. Ca\u0142a seria liczy 20 ksi\u0105\u017cek, w Polsce\u00a0wydano na razie 13.<\/p>\n<ol>\n<li>&#8222;Dow\u00f3dca Sophie&#8221; (ang. &#8222;Master and Commander&#8221;) &#8211; w czasach wojen napoleo\u0144skich, oficer brytyjskiej marynarki wojennej Jack Aubrey i katalo\u0144sko-irlandzki lekarz na skraju bankructwa Stephen Maturin poznaj\u0105 si\u0119 na Majorce i po otrzymaniu przez Aubrey\u2019a pierwszego samodzielnego przyw\u00f3dztwa na okr\u0119cie wojennym wyruszaj\u0105 na Morze \u015ar\u00f3dziemne narobi\u0107 troch\u0119 ba\u0142aganu. Jak na pierwsz\u0105 ksi\u0105\u017ck\u0119 w serii przysta\u0142o, wst\u0119pnie poznajemy tutaj g\u0142\u00f3wnych bohater\u00f3w. Oczywi\u015bcie poza rysem postaci mamy te\u017c liczne bitwy morskie, fachowo i pasjonuj\u0105co opisane.<\/li>\n<li>&#8222;Kapitan&#8221; (&#8222;Post Captain&#8221;) &#8211; zagro\u017cony aresztowaniem z powodu d\u0142ug\u00f3w Jack przyjmuje dow\u00f3dztwo na eksperymentalnym statku wojennym &#8211; &#8222;Polychrest&#8221; mia\u0142 by\u0107 wyrzutni\u0105 rakiet, dlatego dzi\u00f3b i rufa wygl\u0105da\u0142y tak samo&#8230; Opr\u00f3cz niedogranej za\u0142ogi i niesterowalnego statku, do listy problem\u00f3w dochodzi kryzys w jego przyja\u017ani ze Stephenem &#8211; pomi\u0119dzy panami staje&#8230; zazdro\u015b\u0107 o kobiet\u0119, a sam Stephen ujawnia cechy charakteru, o kt\u00f3re nikt by go wcze\u015bniej nie podejrzewa\u0142.<br \/>\nZ czasem docenia si\u0119 to, jak cz\u0119sto zmusza si\u0119 czytelnika do szukania mi\u0119dzy wierszami. O&#8217;Brian nie bawi si\u0119 w zb\u0119dne subtelno\u015bci, to s\u0105 w ko\u0144cu ksi\u0105\u017cki przygodowe, ale smaczku lekturze dodaj\u0105 te wszystkie zawoalowane, czasami wulgarne tre\u015bci. O&#8217;Brian nie napisze, \u017ce starsi cz\u0142onkowie za\u0142ogi\u00a0robi\u0105 co\u015b dla \u017cartu, on napisze, \u017ce co\u015b robi\u0105, a \u017ce to \u017cart, to si\u0119 trzeba domy\u015ble\u0107. Fajny jest \u0142agodny humor, te wszystkie szczeg\u00f3liki z \u017cycia bohater\u00f3w, niby wtr\u0105cone w czyj\u0105\u015b wypowied\u017a. W dodatku \u017cycie na morzu, bitwy s\u0105 opisane \u017cywo i z punktu widzenia bohater\u00f3w.<\/li>\n<li>&#8222;HMS Surprise&#8221; &#8211; moja ulubiona cz\u0119\u015b\u0107 serii. Po brawurowej akcji uwolnienia Stephena z r\u0105k Francuz\u00f3w, Jack otrzymuje przydzia\u0142 na fregacie Surprise, na kt\u00f3rej sam uczy\u0142 si\u0119 \u017ceglarskiego fachu. Ma za zadanie przewie\u017a\u0107 angielskiego pos\u0142a do Kampongu (okolice dzisiejszej Kambod\u017cy, z tego, co si\u0119 orientuj\u0119). Po drodze musz\u0105 zmaga\u0107 si\u0119 ze sztormem, francuskim admira\u0142em, kt\u00f3ry ju\u017c raz pokona\u0142 okr\u0119t dowodzony przez Jacka, oraz niespe\u0142nion\u0105 mi\u0142o\u015bci\u0105 Stephena do kobiety, o kt\u00f3rej wzgl\u0119dy walczy\u0142 niegdy\u015b te\u017c Jack, a kt\u00f3ra ostatecznie uciek\u0142a do Indii z kochankiem. Ksi\u0105\u017cka zdecydowanie skoncentrowana na postaci Stephena, kt\u00f3ry z jego rozterkami i szpiegowskim fachem jest postaci\u0105 bardziej skomplikowan\u0105 od Jacka. Sam Jack przejmuje dow\u00f3dztwo nad narracj\u0105 g\u0142\u00f3wnie podczas walki &#8211; czy to na l\u0105dzie, w bazie francuskich okupant\u00f3w Majorki, czy na morzu. Konflikt mi\u0119dzy panami, bardzo wa\u017cny w poprzedniej ksi\u0105\u017cce, tu ju\u017c nie istnieje, zamieniony na w\u0142a\u015bciwie bezwarunkow\u0105 lojalno\u015b\u0107, co jest jedn\u0105 z mocniejszych stron tej ksi\u0105\u017cki, jak i ca\u0142ej serii.<\/li>\n<li>&#8222;Dow\u00f3dztwo na Mauritiusie&#8221;<\/li>\n<li>&#8222;Wojenne losy&#8221;<\/li>\n<li>&#8222;Zapomniana wyspa&#8221;<\/li>\n<li>&#8222;Mat lekarza pok\u0142adowego&#8221;<\/li>\n<li>&#8222;Jo\u0144ska misja&#8221;<\/li>\n<li>&#8222;Port zdrady&#8221;<\/li>\n<li>&#8222;Pan i w\u0142adca. Na kra\u0144cu \u015bwiata&#8221;<\/li>\n<li>&#8222;Druga strona medalu&#8221;<\/li>\n<li>&#8222;List kaperski&#8221;<\/li>\n<li>&#8222;Salwa honorowa&#8221;<\/li>\n<\/ol>\n<p><strong>Terry Goodkind &#8222;Sword of truth&#8221;<\/strong><\/p>\n<p>Kultowa dla wielu seria fantasy, na podstawie kt\u00f3rej w latach 2008-2010 w Nowej Zelandii kr\u0119cono serial &#8222;Legend of the Seeker&#8221;. Jako\u015b zwr\u00f3ci\u0142am uwag\u0119 na serial, potem spojrza\u0142am na ksi\u0105\u017cki&#8230; Serial \u015bci\u015ble fabularnie ma z ksi\u0105\u017ckami niewiele wsp\u00f3lnego, poza g\u0142\u00f3wnymi bohaterami i og\u00f3lnym zadaniem g\u0142\u00f3wnej postaci, Richarda. Mimo wielu motyw\u00f3w zaczerpni\u0119tych z ksi\u0105\u017cek (jak cho\u0107by z\u0105b na rzemieniu, z kt\u00f3rym Richard w serialu si\u0119 w\u0142a\u015bciwie nie rozstaje), g\u0142\u00f3wny w\u0105tek (jak i np. rola i pochodzenie wspomnianego z\u0119ba) jest rozwi\u0105zany zupe\u0142nie inaczej&#8230; Tak czy siak, fajne do por\u00f3wnania. Seria jest wydawana po polsku, ale po angielsku lepiej mi si\u0119 j\u0105 czyta, bo polskie t\u0142umaczenie jest nieco dr\u0119twe, a j\u0119zyk oryginalny w miar\u0119 prosty.<\/p>\n<p><a href=\"http:\/\/thekfiles.pl\/wp-content\/uploads\/2017\/01\/mapa-lots.jpg\"><img loading=\"lazy\" decoding=\"async\" class=\"alignnone size-large wp-image-2593\" src=\"http:\/\/thekfiles.pl\/wp-content\/uploads\/2017\/01\/mapa-lots-1024x576.jpg\" alt=\"\" width=\"670\" height=\"377\" \/><\/a>\u00a0&#8222;Je\u015bli ksi\u0105\u017cka fantasy nie zawiera mapy, nie warto jej czyta\u0107&#8221; &#8211; cytat sk\u0105d\u015b \ud83d\ude09<\/p>\n<ol>\n<li>&#8222;Debt of bones&#8221; (pol. &#8222;D\u0142ug wdzi\u0119czno\u015bci&#8221;) &#8211; m\u0142oda mieszkanka Midland\u00f3w zg\u0142asza si\u0119 do czarodzieja, Zeddicusa, o pomoc w uwolnieniu jej rodziny z r\u0105k D&#8217;Hara\u0144skich naje\u017ad\u017ac\u00f3w. Czarodziej mia\u0142 d\u0142ug u jej matki, kt\u00f3ry przeszed\u0142 na ni\u0105. Zedd zgadza si\u0119 jej pom\u00f3c. Dziewczyna przy okazji ratuje porwan\u0105 przez tych samych ludzi kilkuletni\u0105 c\u00f3rk\u0119 Zedda. Czarodziej zaraz potem wyczarowuje pot\u0119\u017cn\u0105 barier\u0119, dziel\u0105c\u0105 Midlandy od D&#8217;Hary, i zapowiada postawienie drugiej, oddzielaj\u0105cej Midlandy od Westlandu &#8211; nowej krainy, wolnej od magii.<\/li>\n<li>&#8222;Wizard\u2019s first rule\u201d (\u201ePierwsze prawo magii\u201d) &#8211; Westlandczyk Richard Cypher, szukaj\u0105cy winnych brutalnego zab\u00f3jstwa swojego ojca, spotyka w lesie kobiet\u0119, Kahlan, pochodz\u0105c\u0105 z Midland\u00f3w. Razem z Zeddem, kt\u00f3ry od dawna przyja\u017ani\u0142 si\u0119 z Richardem, wyruszaj\u0105 przez magiczn\u0105 granic\u0119, by pokona\u0107 Darkena Rahla, w\u0142adc\u0119 D&#8217;Hary. Po drodze musz\u0105\u00a0zaskarbi\u0107 sobie przyja\u017a\u0144 p\u00f3\u0142dzikiego plemienia, stawi\u0107 czo\u0142a kilku nieprzychylnym przepowiedniom, ocali\u0107 w\u0142asn\u0105 godno\u015b\u0107 w obliczu tortur i poni\u017cenia, i wymy\u015bli\u0107, jak zabi\u0107 Rahla, skoro Richard (ukrywaj\u0105cy par\u0119 sekret\u00f3w przed znacznie bardziej do\u015bwiadczonymi w magii przyjaci\u00f3\u0142mi) nie mo\u017ce u\u017cy\u0107 do tego pot\u0119\u017cnego Miecza Prawdy, kt\u00f3rego, wedle proroctwa, jest prawowitym u\u017cytkownikiem.<\/li>\n<li>&#8222;Stone of Tears&#8221; (&#8222;Kamie\u0144 \u0142ez&#8221;) &#8211; Richard i Kahlan zamierzaj\u0105 si\u0119 pobra\u0107, ale zanim do tego dochodzi, u Richarda budzi si\u0119 jego magiczny dar. Wyrusza on do Starego \u015awiata uczy\u0107 si\u0119 kontrolowa\u0107 swoj\u0105 magi\u0119. Tymczasem Kahlan deklaruje wojn\u0119 Midland\u00f3w z imperium naje\u017ad\u017ac\u00f3w, za\u015b Zedd pr\u00f3buje pom\u00f3c przyjacio\u0142om w powstrzymaniu Opiekuna za\u015bwiat\u00f3w przed wydostaniem si\u0119 do \u015bwiata \u017cywych, chocia\u017c wszelkie proroctwa dzia\u0142aj\u0105 na ich niekorzy\u015b\u0107.<\/li>\n<li>Blood of the Fold<\/li>\n<li>Temple of the Winds<\/li>\n<li>Soul of the Fire<\/li>\n<li>Faith of the Fallen<\/li>\n<li>The Pillars of Creation<\/li>\n<li>Naked Empire<\/li>\n<li>Chainfire<\/li>\n<li>Phantom<\/li>\n<li>Confessor<\/li>\n<li>The Law of Nines<\/li>\n<li>The Omen Machine<\/li>\n<li>The First Confessor: The Legend of Magda Searus<\/li>\n<li>The Third Kingdom<\/li>\n<li>Severed Souls<\/li>\n<li>Warheart<\/li>\n<\/ol>\n<p><strong>Andrzej Sapkowski &#8211; &#8222;Wied\u017amin&#8221;<\/strong><\/p>\n<p>Chocia\u017c do tych ksi\u0105\u017cek nie ma mapki, t\u0119 musieli sobie stworzy\u0107 sami fani (i tw\u00f3rcy gier), to jednak warto je czyta\u0107, je\u015bli si\u0119 lubi ten gatunek, bo to kultowa seria polskiego fantasy \ud83d\ude42<\/p>\n<ol>\n<li>&#8222;Ostatnie \u017cyczenie&#8221; &#8211; w \u015bwiecie, w kt\u00f3rym wci\u0105\u017c \u017cyj\u0105 elfy i krasnoludy, ale rz\u0105dz\u0105 ludzie, po bocznych traktach w\u0119druje wied\u017amin Geralt &#8211; mutant stworzony do walki z potworami. Chocia\u017c obdarzony nadludzkimi umiej\u0119tno\u015bciami,\u00a0jest nadal bardzo ludzki: ma sw\u00f3j w\u0142asny kodeks moralny, ironiczne poczucie humoru, czasami te\u017c pope\u0142nia b\u0142\u0119dy, kt\u00f3re go srogo kosztuj\u0105. Pierwszy zbi\u00f3r opowiada\u0144 \u017cywo, z humorem i licznymi nawi\u0105zaniami do folkloru wprowadza w \u015bwiat Geralta z Rivii, rozpoczynaj\u0105c seri\u0119 kultow\u0105 dla fan\u00f3w fantasy.<\/li>\n<li>&#8222;Miecz Przeznaczenia&#8221; &#8211; l\u017cejsza i \u015bmieszniejsza od &#8222;Ostatniego \u017cyczenia&#8221;, prawdopodobnie g\u0142\u00f3wnie ze wzgl\u0119du na mniejsz\u0105 ilo\u015b\u0107 wizji \u015amierci krocz\u0105cej za Geraltem. Jednocze\u015bnie nieco lepiej wprowadza nas w rys g\u0142\u00f3wnej postaci &#8211;\u00a0mniej wyra\u017anie zgorzknia\u0142y, podchodz\u0105cy z szacunkiem do wszystkich rozumnych istot, o ile nie s\u0105 one wobec niego natychmiast i otwarcie wrogie (z tego wzgl\u0119du czasem s\u0142u\u017cy za pos\u0142a do krain, do kt\u00f3rych \u017caden cz\u0142owiek nie odwa\u017cy si\u0119 wej\u015b\u0107), ma, co w sumie ciekawe, fajne podej\u015bcie do dzieci. W przeznaczenie nie wierzy, ale jest mu przeznaczone &#8211; na jego w\u0142asne \u017cyczenie &#8211; dziecko, kt\u00f3rego ostatecznie przyj\u0105\u0107 nie chce, ale musi, bo Przeznaczenie pcha mu to dziecko w jego r\u0119ce.<br \/>\nMimo profesji, kt\u00f3r\u0105 wykonuje Geralt, a g\u0142\u00f3wnie z powodu jego cz\u0142owiecze\u0144stwa, jestem sk\u0142onna stwierdzi\u0107, \u017ce da si\u0119 go lubi\u0107. Nawet bywa sympatyczny. Tylko niech mu nikt tego nie m\u00f3wi, bo jeszcze got\u00f3w wyprowadzi\u0107 mni\u0119 z b\u0142\u0119du ;).<br \/>\nDlaczego zatem mia\u0142am taki problem, by Sag\u0119 doko\u0144czy\u0107 (przy pierwszym czytaniu zatrzyma\u0142am si\u0119 w po\u0142owie &#8222;Chrztu ognia&#8221;)? Ot\u00f3\u017c dlatego, \u017ce wiem, jak si\u0119 sko\u0144czy. Przynajmniej tak mi si\u0119 wydaje, bior\u0105c pod uwag\u0119, \u017ce kontynuacj\u0105 ca\u0142o\u015bci (cho\u0107 niepotwierdzon\u0105 przez Sapkowskiego) s\u0105 trzy wydane przez CDProjekt gry (gram w pierwsz\u0105 i zaczynam twierdzi\u0107, \u017ce lektura mo\u017ce mi w tym troch\u0119 pom\u00f3c).<\/li>\n<li>&#8222;Krew elf\u00f3w&#8221; &#8211; pierwsza cz\u0119\u015b\u0107 Sagi. Ciri pod opiek\u0105 Geralta najpierw przechodzi szkolenie wied\u017ami\u0144skie w Kaer Morhen, a potem przenosi si\u0119 do \u015bwi\u0105tyni, gdzie pod okiem Yennefer uczy si\u0119 panowa\u0107 nad swoimi &#8211; niema\u0142ymi &#8211; magicznymi mocami. Tymczasem w wielkim \u015bwiecie szuka j\u0105 wi\u0119kszo\u015b\u0107 w\u0142adc\u00f3w, by wykorzysta\u0107 jej kr\u00f3lewskie pochodzenie do w\u0142asnych cel\u00f3w.<br \/>\nDalej gram w pierwszego &#8222;Wie\u015bka&#8221;. Ilo\u015b\u0107 nawi\u0105za\u0144 do ksi\u0105\u017cek jest bardzo sympatyczna \ud83d\ude09<\/li>\n<li>&#8222;Czas pogardy&#8221; &#8211; po miesi\u0105cach roz\u0142\u0105ki Geralt, Ciri i Yennefer znowu si\u0119 spotykaj\u0105. Ca\u0142\u0105 tr\u00f3jk\u0105 ruszaj\u0105 na wysp\u0119 Thanedd, gdzie Ciri w akademii czarodziejek ma si\u0119 nauczy\u0107 kontrolowa\u0107 sw\u00f3j dar, za\u015b Yennefer ma zamiar wzi\u0105\u0107 udzia\u0142 w radzie czarodziej\u00f3w, kt\u00f3rzy czuj\u0105 si\u0119 odpowiedzialni i zdolni do kontroli do\u015b\u0107 burzliwej sytuacji na \u015bwiecie: zbli\u017ca si\u0119 wojna. Zdrady, szpiedzy, walki, biedny Geralt wpl\u0105tuj\u0105cy si\u0119 w to wszystko, l\u0105dowanie na pustyni adekwatnie nazwanej Patelni\u0105: to wszystko \u0142\u0105czy si\u0119 w tej lepszej od poprzedniej cz\u0119\u015bci sagi.<\/li>\n<li>&#8222;Chrzest ognia&#8221; &#8211;\u00a0do Geralta w jego misji poszukiwania zaginionej Ciri do\u0142\u0105cza \u0142uczniczka z Brokilonu Milva, Jaskier, cyrulik z przesz\u0142o\u015bci\u0105 Regis i nilfgaardzki \u017co\u0142nierz Cahir. Jest to powie\u015b\u0107 tym razem wybitnie przygodowa, z silnym akcentem lojalno\u015bci, ojcowskiej mi\u0142o\u015bci i bardzo cierpliwej przyja\u017ani. Zw\u0142aszcza to ostatnie jest g\u0142\u00f3wnym motywem chyba najfajniejszych i najcieplejszych fragment\u00f3w (gotowanie zupy rybnej). Samotny wilk Geralt bardzo chce nie bra\u0107 odpowiedzialno\u015bci za dobrobyt jego towarzyszy, ale uparci kompani, niech ich cholera, nie odpuszczaj\u0105. Bardzo fajna cz\u0119\u015b\u0107.<\/li>\n<li>&#8222;Wie\u017ca Jask\u00f3\u0142ki&#8221; &#8211;\u00a0intrygi ci\u0105g dalszy. Ksi\u0105\u017cka bardzo skoncentrowana na Ciri. Osoby znaj\u0105ce gr\u0119 &#8222;Wied\u017amin: Dziki Gon&#8221; przeczytaj\u0105 tu wiele rzeczy, z kt\u00f3rych czerpa\u0142a gra &#8211; sk\u0105d si\u0119 wzi\u0119\u0142a blizna na twarzy Ciri, pochodzenie jej konia, sk\u0105d jej miecz wzi\u0105\u0142 swoje imi\u0119&#8230; To jeden z powod\u00f3w, dla kt\u00f3rych najpierw lubi\u0119 obejrze\u0107 adaptacj\u0119, a potem przeczyta\u0107 \u017ar\u00f3d\u0142o, bo nie wyszukuj\u0119 rzeczy, kt\u00f3rych w adaptacji zabrak\u0142o, tylko wynajduj\u0119 smaczki. Poza Ciri widzimy dalszy ci\u0105g poszukiwa\u0144 prowadzonych przez Geralta (kt\u00f3ry traci medalion i to by\u0142o powodem, dla kt\u00f3rego przerwa\u0142am czytanie sagi tych kilka lat temu; bo jak to, wied\u017amin bez medalionu? M\u00f3wi\u0105, \u017ce nie mo\u017ce bez niego czarowa\u0107!), Yennefer sama pakuje si\u0119 w k\u0142opoty, gdzie\u015b tam mignie Triss, cho\u0107 z jej dzia\u0142a\u0144 chyba nic na razie nie wynika, a sama Ciri odzyskuje swoje magiczne zdolno\u015bci, kt\u00f3rych si\u0119 wcze\u015bniej wyrzek\u0142a. Niechronologiczne opisywanie zdarze\u0144 wymaga troch\u0119 skupienia, ale ca\u0142e szcz\u0119\u015bcie, podawane nam s\u0105 konkretne daty, wi\u0119c nie jest to niemo\u017cliwe.<\/li>\n<li>&#8222;Pani Jeziora&#8221; &#8211; klimaty bardzo podobne do &#8222;Wie\u017cy Jask\u00f3\u0142ki&#8221;, ta sama zabawa chronologi\u0105 i serwowanie nam mocnych t\u0105pni\u0119\u0107. My\u015bla\u0142am, \u017ce nie sko\u0144cz\u0119 tej ksi\u0105\u017cki, bo wiedzia\u0142am, jakie jest zako\u0144czenie: ale nie, doczyta\u0142am, pogryz\u0142am paznokcie z napi\u0119cia, po\u015bmia\u0142am si\u0119, potem posmutnia\u0142am, zaliczy\u0142am kilka szcz\u0119kopad\u00f3w. Ogromna fantazja i rozbudowanie \u015bwiata z ca\u0142\u0105 jego polityk\u0105, mimo wszechobecnej magii bardzo nam bliskiego zas\u0142uguje na uznanie. A zako\u0144czenie? C\u00f3\u017c. Na tyle otwarte, \u017ceby Geralt m\u00f3g\u0142 wr\u00f3ci\u0107 do swego \u015bwiata pi\u0119\u0107 lat p\u00f3\u017aniej, chocia\u017c z amnezj\u0105 ;).<\/li>\n<li>Sezon burz<\/li>\n<\/ol>\n","protected":false},"excerpt":{"rendered":"<p>Zasada jest taka &#8211; ksi\u0105\u017cki przeczytane to ksi\u0105\u017cki opisane \ud83d\ude09 Patrick O&#8217;Brian &#8222;Aubrey\/Maturin&#8221; Seria marynistyczna, na kt\u00f3r\u0105 zwr\u00f3ci\u0142am uwag\u0119 z powodu filmu z Russellem Crowe z 2003 roku (&#8222;Pan i w\u0142adca: na kra\u0144cu \u015bwiata&#8221;). Wtedy w Polsce udost\u0119pniono bodaj\u017ce 4 tomy (motywy z przynajmniej 3 znalaz\u0142am w filmie), z czasem wydawano kolejne. Ca\u0142a seria liczy [&hellip;]<\/p>\n","protected":false},"author":2,"featured_media":0,"parent":2669,"menu_order":0,"comment_status":"closed","ping_status":"closed","template":"","meta":{"footnotes":""},"class_list":["post-2592","page","type-page","status-publish","hentry"],"_links":{"self":[{"href":"http:\/\/thekfiles.pl\/index.php?rest_route=\/wp\/v2\/pages\/2592","targetHints":{"allow":["GET"]}}],"collection":[{"href":"http:\/\/thekfiles.pl\/index.php?rest_route=\/wp\/v2\/pages"}],"about":[{"href":"http:\/\/thekfiles.pl\/index.php?rest_route=\/wp\/v2\/types\/page"}],"author":[{"embeddable":true,"href":"http:\/\/thekfiles.pl\/index.php?rest_route=\/wp\/v2\/users\/2"}],"replies":[{"embeddable":true,"href":"http:\/\/thekfiles.pl\/index.php?rest_route=%2Fwp%2Fv2%2Fcomments&post=2592"}],"version-history":[{"count":0,"href":"http:\/\/thekfiles.pl\/index.php?rest_route=\/wp\/v2\/pages\/2592\/revisions"}],"up":[{"embeddable":true,"href":"http:\/\/thekfiles.pl\/index.php?rest_route=\/wp\/v2\/pages\/2669"}],"wp:attachment":[{"href":"http:\/\/thekfiles.pl\/index.php?rest_route=%2Fwp%2Fv2%2Fmedia&parent=2592"}],"curies":[{"name":"wp","href":"https:\/\/api.w.org\/{rel}","templated":true}]}}